 7*g + 6. Let v be t(-4). Suppose 0*x - v = -2*x. Does 16 divide x?
False
Suppose 4*m + 146 = 5*m - 3*i, -186 = -m - 5*i. Is 38 a factor of m?
False
Let c(n) = -n**3 - 7*n**2 + 7*n - 5. Suppose d + 4*u + 0*u = -16, 3*u = 4*d + 26. Is c(d) a multiple of 3?
True
Suppose 0 = 16*c - 13*c - 312. Suppose 4*m = -0*m + c. Does 6 divide m?
False
Let p = -127 + 235. Let y be 4*(p/(-3))/(-3). Does 24 divide y*(9/3 + -2)?
True
Is (-163)/(-5) - (-45)/(-75) a multiple of 8?
True
Suppose -4*i + h - 15 = 0, -3*h + 9 = -2*i - 2*h. Let c = 27 - i. Let k = c + 4. Is 16 a factor of k?
False
Let r(t) = 4*t**2 + t - 2. Let d be -2 + 0*2/(-6). Is 5 a factor of r(d)?
False
Is 12/20 - 1521/(-15) a multiple of 45?
False
Let v(i) = i + 10. Let n be v(-7). Does 7 divide -2 + n + -2 + 14?
False
Let r(i) = -i**3 + 4*i**2 - 4*i + 2. Let k be r(3). Is 11 a factor of k/5 - (-555)/25?
True
Let u(x) = x**2 + 2*x + 17. Is 10 a factor of u(-9)?
True
Suppose -4*h + 7*h = 96. Suppose h = 4*v - 0*v. Is v a multiple of 4?
True
Let u(n) = n**3 - 3*n**2 + 2*n - 4. Is 14 a factor of u(5)?
True
Let d = -3 + 20. Does 5 divide d?
False
Suppose 9 = 3*p, 6*t = t + 5*p - 400. Let s = -36 - t. Does 9 divide s?
False
Let d = 49 - -101. Is 33 a factor of d?
False
Let n be (2/4)/((-2)/40). Is 539/35 + 4/n a multiple of 5?
True
Let p be 26/(-4)*(2 + 0). Let m = p - -25. Is m a multiple of 6?
True
Suppose -2*h = 5*g - 11, 3*g + 4*h - 1 - 14 = 0. Suppose -19 = -5*z + g. Is 2 a factor of z?
True
Let y = -7 - -12. Does 16 divide (-390)/(-8) - y/(-20)?
False
Does 21 divide ((70/(-15))/(-1))/(6/27)?
True
Is (-93)/(-7) + 30/(-105) even?
False
Let b(u) = -4*u**3 - 6*u**2 - 7*u - 3. Let d be b(-7). Does 32 divide d/20 + (-1)/5?
False
Let q = 21 - -79. Is 46 a factor of q?
False
Let n = -5 - -14. Let w = n + -3. Does 6 divide w?
True
Suppose 3*r = 3*m - 0*r - 165, -4*r = -5*m + 275. Does 11 divide m?
True
Suppose 0 = -5*s + 145 - 45. Is 4 a factor of s/(-25)*(-2 - 3)?
True
Suppose 220 = 4*o - 0*o - 3*d, -4*o + 2*d + 220 = 0. Does 4 divide o?
False
Let p = 116 - 50. Is 33 a factor of p?
True
Let t = -185 - -401. Is 9 a factor of t?
True
Let q(c) be the second derivative of c**3/3 - 4*c**2 - c. Let f = 33 - 23. Is 5 a factor of q(f)?
False
Suppose 2*a - 6*a = 0. Suppose a = 4*w - 12 - 24. Does 9 divide w?
True
Let s = 19 - 3. Suppose 4*l - 3*v - 4 = 0, -6*v = 3*l - 5*v - s. Suppose 0 = -2*u - t + 75 - 33, -28 = -u - l*t. Does 20 divide u?
True
Suppose 1 = -q + 3, 10 = -2*s - 4*q. Let p = s - -53. Is 25 a factor of p?
False
Is 18 a factor of ((-12)/(-3) + -10)*-12?
True
Suppose -4*r = -5*r + 3. Suppose -r*p = -3*k - 54, -2*p + k + 90 = 3*p. Does 18 divide p?
True
Let p(x) = -28*x + 1. Let l be p(4). Let i = -74 - l. Is 12 a factor of i?
False
Let v be (1/(-2)*0)/(-1). Suppose 0 = 4*c + 4*w - 28, -2*c - 7 = -v*c - 5*w. Suppose -5*u = -m + c, 5*u = -m - 0 + 14. Is m a multiple of 8?
False
Let s(z) = 55*z**2 + 1. Is 12 a factor of s(1)?
False
Suppose -w - 6 = -3*w. Let k be -2*(-1)/1 - -35. Suppose 41 + k = w*h. Does 13 divide h?
True
Suppose u - 2*k - 24 = 0, u + 5 = k + 31. Suppose -3*h + 18 = 2*c, c - u = -4*c + h. Suppose -122 = -c*g + g - 2*n, -3*g + 74 = n. Is 20 a factor of g?
False
Suppose 2*l - 332 = -5*j - l, 4*l = 4*j - 240. Does 16 divide j?
True
Suppose -2*u = 2*l - 358, u - 4*l + l = 199. Is u a multiple of 23?
True
Does 18 divide ((-54)/5)/((-2)/10)?
True
Is 6919/209 - 4/38 a multiple of 12?
False
Suppose 0 = 4*h + 5*l - 93, l - 85 = -3*h - 18. Does 22 divide h?
True
Let u be 6/(-3) + 2 + -2. Let t = u + 4. Suppose -x - 5 = -t*x. Does 5 divide x?
True
Let y = 241 + -149. Is 23 a factor of y?
True
Let v = 23 + 10. Suppose -3*w + v = -36. Is w a multiple of 10?
False
Let g(z) = 6*z + 7. Let f be g(-8). Is (-5)/20 - f/4 a multiple of 5?
True
Let b = 0 - -2. Suppose 3*d - 225 = -b*d. Is d a multiple of 12?
False
Let i(c) be the first derivative of -1/3*c**3 - 5*c - 3*c**2 + 2. Is i(-4) a multiple of 3?
True
Suppose -11 = -3*t + 4*z, -1 - 13 = -4*t + 5*z. Suppose 2*y = -2*u - 10 - 4, y + 15 = -5*u. Is 2 a factor of t/y - 32/(-10)?
False
Suppose 0 = -0*b + b - 10. Does 2 divide b?
True
Let p = -56 + 92. Is p a multiple of 9?
True
Suppose -f + 34 = 4. Let z be f/4*12/9. Does 14 divide (-220)/(-6) + z/(-15)?
False
Let k(b) = -4*b**3 + b. Let t be k(-1). Suppose -2*r - t*y - 118 = 0, 0 = -r - 0*r + 2*y - 66. Let w = r + 92. Is 15 a factor of w?
True
Let v(b) = -b**2 - 10*b - 4. Let o be v(-8). Suppose -4*a + 4*m = -o, -4*m - 6 = 2*a - 2*m. Suppose a = c + 2, 0 = 2*x - 5*c - 82. Is x a multiple of 18?
True
Suppose 3*z = 4*g + 12, 4*z + 9 + 6 = -5*g. Let a(p) = z + 2 + 0 - p. Is a(-7) a multiple of 3?
True
Suppose 0 = a + 4*a + 75. Suppose 224 = -0*y - 3*y - 4*i, -3*i = 5*y + 388. Is ((-6)/a)/((-2)/y) a multiple of 16?
True
Let t = -98 + 180. Suppose 0 = -2*a + 8, -2*d = 3*d - 2*a - t. Is d a multiple of 18?
True
Let i(q) = -10*q + 8. Let l(z) = -z**2 + 7*z - 10. Let m be l(6). Is i(m) a multiple of 16?
True
Let f = -12 + 8. Does 17 divide f/(-2)*(0 - -17)?
True
Is 30 a factor of ((-6)/8)/(11/(-1320))?
True
Let j(k) = k**2 - k - 9. Let w be j(0). Does 6 divide 212/18 - 2/w?
True
Let v be (3/(-6))/(1/10). Let l(a) = -60*a. Let t be l(v). Suppose -110 = 5*k - t. Does 19 divide k?
True
Let x(n) = n**3 + n**2 + 32. Let l be x(0). Suppose -2*r + 12 = 2*r, 0 = -4*d - 4*r + l. Is d a multiple of 2?
False
Let g = -491 - -777. Is g a multiple of 16?
False
Suppose 0*l - 2*l = -44. Let b = 45 - l. Is 13 a factor of b?
False
Suppose -180 = -4*s - 8. Suppose -s = -4*m + 17. Is 5 a factor of m?
True
Let n = 126 + -53. Does 21 divide n?
False
Let q = -48 - -83. Is 7 a factor of q?
True
Suppose -3*n = -10 + 7. Is (n + -2)/((-2)/46) a multiple of 9?
False
Let s = 879 - 374. Does 20 divide s?
False
Let m = 6 + -1. Suppose 0*p = -l - 2*p + 14, -3*l = -m*p - 9. Is l a multiple of 4?
True
Let b(s) be the third derivative of -s**4/3 - s**3/6 - 8*s**2. Suppose 3 = -3*t + 5*a, -3*t - 4*a - 1 - 2 = 0. Is b(t) a multiple of 7?
True
Let c = -1 - -3. Suppose -144 = -4*d - 4*o + c*o, 0 = -2*o + 8. Is d a multiple of 19?
False
Suppose -2*m + 219 = 57. Does 9 divide m?
True
Let s(f) be the first derivative of -f**4/4 - 7*f**3/3 + 3*f**2/2 + 9*f - 3. Does 19 divide s(-8)?
False
Let a(z) = 9*z + 1. Let w be a(2). Let q = -13 + w. Is 3 a factor of q?
True
Suppose -12 = 3*r - 7*r. Does 2 divide r?
False
Suppose 0 = -2*z - 2*y - 6, 2*z - 5*y - 17 = 12. Let t(q) = -q**2 - 3*q + 4. Let f be t(-3). Suppose -h + 0 + 10 = 5*r, 0 = z*h + f*r - 14. Is 5 a factor of h?
True
Suppose 0*t + 51 = 3*t + 4*d, 0 = -3*d. Let f be (2/(-7))/(4/(-28)). Suppose f = -5*c + t. Is c a multiple of 2?
False
Let d(k) be the third derivative of k**6/15 - k**5/30 + k**4/12 - k**3/6 - 5*k**2. Is 7 a factor of d(1)?
True
Let k = -12 + 7. Let m = k + 7. Suppose -2*n - m = -3*i, -2*i + 3 = 5*n - 30. Is n a multiple of 4?
False
Does 4 divide (-146)/(-8) - 18/(-24)?
False
Let s = -368 - -542. Is 18 a factor of s?
False
Let o(t) = -t**3 + t**2 + 16*t - 19. Is o(-8) a multiple of 33?
True
Suppose -6 = -k + 2*k. Let a(s) = -s**2 - 6*s + 1. Let d be a(k). Is 19 a factor of d/4 - 167/(-4)?
False
Let j = -3 + 1. Let u be 4 + (-4 - (0 + j)). Suppose 2*s + u*s = 28. Is 4 a factor of s?
False
Let g = -8 + 11. Suppose -r - 120 = -g*r. Is 15 a factor of r?
True
Let y = 1 - -1. Let d(k) = k**2 + 11*k + 7. Let x be d(-7). Let v = y - x. Does 9 divide v?
False
Let t be (-5)/(2 - (-9)/(-3)). Suppose -20 = -t*n, 0*n + 157 = 3*b + 4*n. Is 12 a factor of b?
False
Does 27 divide (198/77)/(1/28)?
False
Is (-10)/(-3)*9/2 a multiple of 3?
True
Let x = -76 - -177. Suppose 2*u - x = -7. Does 12 divide u?
False
Let k(t) = t**3 - t**2 + t + 4. Is k(3) a multiple of 14?
False
Let v be (-10)/(-15) + 13/3. Suppose -v*f = 0, 4*f = -4*w + 359 - 115. Is 25 a factor of w?
False
Let b(r) be the second derivative of -5*r**4/8 - r**3/6 - r**2/2 - 2*r. Let w(g) be the first derivative of b(g). Is 14 a factor of w(-1)?
True
Let o = 45 + -18. Does 9 divide o?
True
Suppose 0 = -4*y + 3*y + 2. Suppose -y*o = 2*b - 28, 2*o = 3*o - b - 12. Is 4 a factor of o?
False
Suppose 4*j = -n + 83, -3*n - 37 = -j - 0*n. Suppose 13 + 7 = -5*m. Is 2624/88 - m/j a multiple of 10?
True
Suppose v - 8 = 40. Is 12 a factor of v?
Tru